*x + 2*x = 2*m - 28. What is the highest common factor of m and 2506?
14
Let p be 6/14 + (-8554458)/(-2541). What is the highest common factor of p and 182?
91
Let u = 1904 - 1351. Let c = 728 - u. Calculate the greatest common divisor of c and 70.
35
Let k(f) be the third derivative of 11*f**5/60 - f**4/6 - 4*f**3/3 - 9*f**2. Let z be k(2). Calculate the highest common divisor of 8 and z.
4
Suppose 12*g - 8*g - 640 = 0. Suppose 18*t = 14*t - g. Let k be 6/(-4)*t/6. Calculate the highest common factor of 80 and k.
10
Suppose -5*n + 1387 = 307. Let s = 91842 - 91815. Calculate the greatest common factor of s and n.
27
Let v = -2563 - -2867. Calculate the greatest common factor of v and 57.
19
Let h = 124 - -451. Suppose 0 = -18*g - 5*g + h. What is the greatest common factor of 45 and g?
5
Let y be (-4)/48*-8 + 250/3. Let j be 143*(y/48 - (-1)/4). Calculate the highest common divisor of j and 26.
26
Let j be ((-45)/(-12))/(((-5)/8)/(-5)). Suppose 63 = i - 14. Let r be (i - -2) + -3 - 1. Calculate the highest common factor of j and r.
15
Suppose z - 304 = -4*o, 0 = -61*o + 59*o + 5*z + 196. Let v be (1 - 14)*(-2 - 0). What is the highest common factor of o and v?
26
Let r(s) = -s**3 + 5*s**2 + 6*s + 8. Let k be r(6). Suppose 36 = 4*x - o, 4*x = 11*o - k*o + 44. What is the highest common factor of 56 and x?
8
Let r be (-5 - -4) + 38/2. Let f = 2211 - 2190. What is the greatest common factor of r and f?
3
Let y(t) be the second derivative of t**3 + 97*t. Let q be y(9). Calculate the highest common divisor of q and 9.
9
Suppose -11*a = -22 - 11. Suppose a*g - 2*t = 28, -4*t = 2*g - t + 3. Let x be (4 + 4 + -12)*-1. Calculate the highest common factor of x and g.
2
Let c = -26285 - -29114. What is the highest common divisor of c and 69?
69
Let v = 2220 - -625. What is the highest common divisor of 5 and v?
5
Let g(t) = -t + 7. Let j be g(8). Let c be 1*j - (-22 - -1). Let l(b) = -40*b + 230. Let d be l(5). What is the highest common divisor of d and c?
10
Let u = -11 + 23. Let i(x) = 15*x. Let j be i(u). Let c = -76 + j. Calculate the greatest common factor of 26 and c.
26
Let v(g) = -2*g**3 - 4*g**2 + g + 1. Let m be v(-4). Let i = -530 + 583. Let h = m - i. Calculate the greatest common factor of 8 and h.
8
Let b be 2/8 + 105/12. Suppose -35*n - 6353 = -15173. What is the highest common factor of b and n?
9
Suppose 2*n - 86 - 124 = 0. Let d = 52536 - 52529. Calculate the greatest common factor of n and d.
7
Let g = -1945 + 3102. Calculate the highest common factor of g and 117.
13
Let s(l) = -l - 3*l - 7 - 8 - 3*l - 2*l. Let w be s(-7). Calculate the highest common divisor of 192 and w.
48
Suppose -4*h + 1716 = 7*n - 2*n, -3*h + 1314 = -3*n. Let f = 634 - h. Calculate the highest common divisor of 150 and f.
50
Suppose -132 - 428 = -x - 9*x. What is the greatest common divisor of x and 5?
1
Let o = 18 - 20. Let q be (5/o)/((-1)/(-2)). Let z(s) = 11*s**2 - 2*s - 10. Let v be z(q). What is the greatest common factor of v and 25?
25
Suppose -27*i - 120 = 13*i. Let g be 32/(-6)*(-12 - i). Calculate the greatest common divisor of g and 64.
16
Let m = 133 + -131. Suppose 3*c + 0 - 38 = m*x, 4*x - 34 = -5*c. Calculate the greatest common divisor of 190 and c.
10
Let g = -6108 + 6459. What is the greatest common divisor of 273 and g?
39
Suppose 17631*r - 17683*r = -118196. What is the greatest common divisor of r and 2?
1
Let z = 45 - 32. Let c(v) = -55*v + 61. Let s(q) = -28*q + 30. Let h(o) = 3*c(o) - 5*s(o). Let m be h(-7). What is the highest common divisor of z and m?
13
Suppose 4*s + 76 = 4*w, 2*w - 2*s - 40 = 2*s. Let t(g) = -11*g - 8. Let y be t(12). Let f be 60*(-7)/(y/15). What is the highest common divisor of f and w?
9
Let c = 277 - 189. Let b(w) = -12*w + 11. Let x be b(0). What is the greatest common divisor of x and c?
11
Suppose -590*x + 4848 = -149*x + 367*x. Let o be -3 - -1 - (-2 + -282). What is the greatest common factor of o and x?
6
Let f = 145 - 144. Let b be 1/(-3)*-102*f. Suppose 0 = -2*x - l + 277, 0 = 3*x - 8*x - 5*l + 705. Calculate the greatest common divisor of b and x.
34
Let s = 14034 + -8619. What is the greatest common factor of 15 and s?
15
Let a(u) = -2*u**2 - 30*u - 30. Let m be a(-13). Let s = -27 - -34. Suppose 2 = -k - 4*q, -4*k - 3*q = -s*k + 9. What is the greatest common divisor of m and k?
2
Let h = -842 + 482. Let l be (0 - (-10)/(-55)) + h/(-44). Calculate the highest common factor of l and 64.
8
Let s be 4/6*(-315)/(-1). Suppose 3*m - 258 = 525. Let k = -219 + m. Calculate the highest common factor of s and k.
42
Suppose -7*n = -4*n - d - 9645, -6*n + 19308 = -5*d. Calculate the highest common factor of n and 17.
17
Let d(x) = x**3 + x**2 - 3*x. Let a be d(-2). Suppose 0 = o - 10 + a. Suppose o*l = -144 + 720. What is the greatest common factor of l and 9?
9
Let o(s) = -7*s**2 - 35*s + 71. Let w(n) = n**2 - 2. Let b(x) = o(x) + 6*w(x). Let j be b(-33). What is the highest common divisor of 5 and j?
5
Suppose -v = -4*x + 978, -5*x + 172*v = 173*v - 1209. What is the highest common factor of x and 2133?
27
Let i be ((-30)/(-35))/((-15)/60 + (-18)/(-56)). Calculate the greatest common factor of 2292 and i.
12
Let r = -77 + 79. Let b(h) = 4*h + 10. Let u be b(r). Let k = -77 - -203. Calculate the greatest common factor of k and u.
18
Let u(d) = d + 5. Let y be u(5). Let q = 931 - 935. Let z be 2 + -3 - (q + -77). What is the greatest common divisor of y and z?
10
Suppose -5*x = -s - 17, 13 = x - 3*s + 4. Suppose -x*a = -5 - 10. Let w(i) = i**2 - 1. Let l be w(-6). What is the highest common divisor of l and a?
5
Let v(m) = m**3 - 3*m**2 - 10*m. Let i be v(5). Suppose 6*l - 432 + 126 = i. What is the highest common factor of l and 51?
51
Suppose -5*c - q + 0*q + 34 = 0, 5*c + 3*q = 42. Let m be (1 + 64)*c/15. Let i = -22 + m. What is the greatest common factor of i and 6?
2
Let x be (-461)/(-9) - 2/63*7. Let q be (-2 - 2)/(-12)*x - 4. What is the highest common factor of 91 and q?
13
Suppose -2 + 3 = -c, 4*c = 2*y - 8. Let u be (-2 + (-7)/(-3))*(-4050)/(-27). What is the greatest common factor of u and y?
2
Suppose -5*x = -u - 24, 4*x - 18 = -4*u + 6. Suppose 0 = -x*q + r + 21, 0 = 4*q - r - 4*r. Let y be q/5*-2*-8. Calculate the highest common divisor of 16 and y.
16
Suppose 12*z = 6*z + 12. Let m be z/(-6)*(-1 - 107). What is the highest common factor of m and 396?
36
Let k(w) = w + 6. Suppose -2*l - 6*r = -2*r + 4, -2*l - 2*r = 0. Let q be k(l). Let j = q + -7. Calculate the highest common factor of 1 and j.
1
Let g(s) = s + 36. Let x be g(7). Suppose f - 12 = x. What is the greatest common divisor of 5 and f?
5
Suppose 0 = -15*p - 53925 + 58920. What is the highest common factor of 1147 and p?
37
Suppose b + 2 = 9. Suppose -40*x - 33*x + 292 = 0. Suppose 13 = x*c - b. What is the highest common divisor of 10 and c?
5
Suppose -2*d + 98 = 2*h, -2*h - 3*d + 61 = -32. Suppose 0 = 3*l - 0*l - 594. What is the highest common factor of l and h?
18
Suppose 144 = 5*m - 8*l, 109*m - 113*m + 80 = -2*l. Let a be 2/2 + 318/2. Calculate the greatest common divisor of a and m.
16
Let a = -3622 - -3775. Calculate the greatest common factor of a and 27.
9
Suppose w - 2*k - 166 = 0, -2*k - 3 = 7. Let p = -105 + w. What is the highest common divisor of 459 and p?
51
Suppose 2*h + 1370 = 5*y + 6*h, 0 = -4*h + 20. Calculate the highest common divisor of y and 630.
90
Let b(a) = -a**3 + 165*a + 28. Let l be b(-13). Suppose 0 = 5*k - 2737 + 737. Calculate the highest common factor of k and l.
80
Let x be 12/1 + (-6 - -3). Suppose 2*b = 1 + x. Let h(u) = 17*u + 5. Let p be h(b). What is the highest common factor of 9 and p?
9
Let y be (-10)/(400/(-62316)) - (-3)/(-30)*-1. Calculate the highest common factor of y and 38.
38
Let y be (4/(-6))/((-2)/12). Suppose -1588*a - 15997 = -76341. What is the greatest common factor of a and y?
2
Let l(a) = -4*a**3 - 27*a**2 + 10*a + 3. Let b be l(-8). What is the highest common factor of 27 and b?
27
Suppose 16 = q - 1. Suppose 7*x - q*x + 150 = 0. What is the greatest common factor of 35 and x?
5
Let u(f) = -7*f + 71. Let h be u(8). Suppose -4*b = x - 62, 3*b = -2*b + h. Calculate the greatest common factor of x and 125.
25
Suppose 11*u - 80*u + 229985 - 68663 = 0. What is the greatest co